 the hundreds digit of 454?
4
What is the hundreds digit of 13430?
4
What is the hundreds digit of 663?
6
What is the tens digit of 1994?
9
What is the tens digit of 137098?
9
What is the ten thousands digit of 181753?
8
What is the units digit of 509?
9
What is the ten thousands digit of 12619?
1
What is the units digit of 2618?
8
What is the ten thousands digit of 12160?
1
What is the hundreds digit of 3691?
6
What is the units digit of 2244?
4
What is the hundreds digit of 34827?
8
What is the units digit of 6292?
2
What is the hundreds digit of 3744?
7
What is the thousands digit of 4706?
4
What is the thousands digit of 1359?
1
What is the hundreds digit of 2763?
7
What is the tens digit of 102726?
2
What is the tens digit of 1216?
1
What is the ten thousands digit of 34769?
3
What is the thousands digit of 1674?
1
What is the ten thousands digit of 10657?
1
What is the hundreds digit of 1875?
8
What is the tens digit of 811?
1
What is the tens digit of 7056?
5
What is the units digit of 1824?
4
What is the tens digit of 1727?
2
What is the ten thousands digit of 12672?
1
What is the ten thousands digit of 13586?
1
What is the thousands digit of 2217?
2
What is the units digit of 2523?
3
What is the thousands digit of 9039?
9
What is the tens digit of 16210?
1
What is the hundreds digit of 4688?
6
What is the tens digit of 5705?
0
What is the ten thousands digit of 19430?
1
What is the hundreds digit of 1221?
2
What is the thousands digit of 5574?
5
What is the hundreds digit of 565?
5
What is the thousands digit of 7024?
7
What is the units digit of 292?
2
What is the hundreds digit of 997?
9
What is the hundreds digit of 5855?
8
What is the thousands digit of 7716?
7
What is the units digit of 1567?
7
What is the units digit of 43055?
5
What is the ten thousands digit of 11218?
1
What is the units digit of 7726?
6
What is the hundreds digit of 28281?
2
What is the hundreds digit of 29859?
8
What is the ten thousands digit of 43622?
4
What is the thousands digit of 84209?
4
What is the tens digit of 21410?
1
What is the units digit of 32995?
5
What is the units digit of 59378?
8
What is the units digit of 132434?
4
What is the units digit of 7144?
4
What is the units digit of 884?
4
What is the thousands digit of 2087?
2
What is the ten thousands digit of 21318?
2
What is the tens digit of 11319?
1
What is the hundreds digit of 692?
6
What is the hundreds digit of 2256?
2
What is the tens digit of 1240?
4
What is the hundreds digit of 6595?
5
What is the tens digit of 572?
7
What is the thousands digit of 2139?
2
What is the thousands digit of 98053?
8
What is the units digit of 382?
2
What is the hundreds digit of 1084?
0
What is the thousands digit of 4276?
4
What is the hundreds digit of 584?
5
What is the tens digit of 35613?
1
What is the tens digit of 1418?
1
What is the tens digit of 13622?
2
What is the units digit of 68141?
1
What is the thousands digit of 34574?
4
What is the units digit of 69281?
1
What is the units digit of 1126?
6
What is the hundreds digit of 94714?
7
What is the thousands digit of 14939?
4
What is the thousands digit of 5013?
5
What is the hundreds digit of 1674?
6
What is the tens digit of 4224?
2
What is the thousands digit of 1660?
1
What is the thousands digit of 1149?
1
What is the units digit of 22154?
4
What is the tens digit of 4388?
8
What is the hundreds digit of 1773?
7
What is the units digit of 58189?
9
What is the hundred thousands digit of 145385?
1
What is the units digit of 6175?
5
What is the tens digit of 602?
0
What is the thousands digit of 1406?
1
What is the units digit of 5711?
1
What is the hundreds digit of 34528?
5
What is the units digit of 697?
7
What is the units digit of 444?
4
What is the ten thousands digit of 42406?
4
What is the thousands digit of 4956?
4
What is the ten thousands digit of 94988?
9
What is the units digit of 15175?
5
What is the hundreds digit of 815?
8
What is the units digit of 37?
7
What is the units digit of 15051?
1
What is the tens digit of 18147?
4
What is the tens digit of 23179?
7
What is the tens digit of 5203?
0
What is the thousands digit of 13619?
3
What is the units digit of 4503?
3
What is the hundreds digit of 1901?
9
What is the ten thousands digit of 84793?
8
What is the hundreds digit of 905?
9
What is the tens digit of 366?
6
What is the tens digit of 399?
9
What is the hundreds digit of 4949?
9
What is the hundreds digit of 942?
9
What is the units digit of 69?
9
What is the ten thousands digit of 14611?
1
What is the tens digit of 5378?
7
What is the tens digit of 885?
8
What is the thousands digit of 1049?
1
What is the units digit of 35?
5
What is the units digit of 607?
7
What is the thousands digit of 3407?
3
What is the thousands digit of 21378?
1
What is the hundreds digit of 1650?
6
What is the thousands digit of 12885?
2
What is the hundreds digit of 792?
7
What is the tens digit of 2085?
8
What is the units digit of 5049?
9
What is the units digit of 2828?
8
What is the tens digit of 1317?
1
What is the thousands digit of 1801?
1
What is the units digit of 2396?
6
What is the thousands digit of 4188?
4
What is the units digit of 13745?
5
What is the hundreds digit of 1204?
2
What is the hundreds digit of 24812?
8
What is the units digit of 2367?
7
What is the tens digit of 15734?
3
What is the thousands digit of 42951?
2
What is the units digit of 87?
7
What is the units digit of 26103?
3
What is the ten thousands digit of 17731?
1
What is the units digit of 2870?
0
What is the hundreds digit of 7080?
0
What is the hundreds digit of 1197?
1
What is the units digit of 29549?
9
What is the hundreds digit of 31246?
2
What is the hundreds digit of 894?
8
What is the hundreds digit of 31760?
7
What is the thousands digit of 13364?
3
What is the tens digit of 714?
1
What is the tens digit of 2600?
0
What is the units digit of 1394?
4
What is the tens digit of 8961?
6
What is the thousands digit of 24270?
4
What is the units digit of 9999?
9
What is the thousands digit of 1134?
1
What is the hundreds digit of 3766?
7
What is the thousands digit of 20472?
0
What is the thousands digit of 52869?
2
What is the tens digit of 513?
1
What is the tens digit of 47?
4
What is the hundreds digit of 986?
9
What is the hundreds digit of 685?
6
What is the tens digit of 11663?
6
What is the hundreds digit of 231?
2
What is the tens digit of 1109?
0
What is the hundreds digit of 800?
8
What is the tens digit of 967?
6
What is the thousands digit of 1272?
1
What is the tens digit of 1423?
2
What is the thousands digit of 6737?
6
What is the units digit of 1254?
4
What is the units digit of 18462?
2
What is the units digit of 1582?
2
What is the units digit of 952?
2
What is the units digit of 7400?
0
What is the units digit of 2904?
4
What is the units digit of 3027?
7
What is the tens digit of 6895?
9
What is the hundreds digit of 1788?
7
What is the hundreds digit of 831?
8
What is the thousands digit of 6141?
6
What is the ten thousands digit of 51804?
5
What is the ten thousands digit of 68983?
6
What is the thousands digit of 3877?
3
What is the units digit of 10186?
6
What is the ten thousands digit of 11921?
1
What is the thousands digit of 29587?
9
What is the tens digit of 3763?
6
What is the tens digit of 4462?
6
What is the hundreds digit of 5378?
3
What is the hundreds digit of 11042?
0
What is the units digit of 83?
3
What is the units digit of 319?
9
What is the thousands digit of 3949?
3
What is the tens digit of 4456?
5
What is the units digit of 209?
9
What is the hundreds digit of 6431?
4
What is the hundreds digit of 262?
2
What is the hundreds digit of 27997?
9
What is the tens digit of 127493?
9
What is the tens digit of 7584?
8
What is the hundreds digit of 2034?
0
What is the units digit of 13459?
9
What is the tens digit of 339?
3
What is the tens digit of 3079?
7
What is the units digit of 2989?
9
What is the tens digit of 591?
9
What is the hundreds digit of 28667?
6
What is the hundreds digit of 9397?
3
What is the units digit of 20819?
9
What is the units digit of 919?
9
What is the hundreds digit of 33029?
0
What is the hundreds digit of 1517?
5
What is the units digit of 17324?
4
What is the thousands digit of 3